{"id":15,"date":"2020-11-14T08:04:06","date_gmt":"2020-11-14T07:04:06","guid":{"rendered":"https:\/\/bigburger.ch\/gutscheine\/gutscheine\/"},"modified":"2025-08-27T21:48:53","modified_gmt":"2025-08-27T19:48:53","slug":"gutscheine","status":"publish","type":"page","link":"https:\/\/bigburger.ch\/gutscheine\/","title":{"rendered":"Gutscheine"},"content":{"rendered":"<div>\n<section class=\"bb-gift-wrap\" id=\"gutscheine\">\n<p>  <!-- HERO --><\/p>\n<header class=\"bb-gift-hero\">\n<figure class=\"bb-hero-media\">\n      <img decoding=\"async\" src=\"https:\/\/bigburger.ch\/wp-content\/uploads\/2025\/08\/gutschein-header.jpg\" alt=\"Big Burger Gutscheine\"><br \/>\n    <\/figure>\n<div class=\"bb-hero-copy\">\n      <span class=\"bb-chip\">Freude schenken<\/span><\/p>\n<h1 class=\"bb-title\">Gutscheine<\/h1>\n<p class=\"bb-lead\">\n        Das perfekte Geschenk ist nicht immer einfach. Mit unseren Gutscheinen bist du immer richtig.<br \/>\n        Gutscheine k\u00f6nnen in unseren Restaurants oder bei der Heimlieferung eingel\u00f6st werden.\n      <\/p>\n<\/p><\/div>\n<\/header>\n<p>  <!-- INTRO --><\/p>\n<section class=\"bb-intro\">\n<h2 class=\"bb-sub\">Das perfekte Geschenk<\/h2>\n<p>\n      W\u00e4hle den gew\u00fcnschten Gutscheinbetrag. Nach der Bestellung erh\u00e4ltst du eine Best\u00e4tigung.<br \/>\n      Die Gutscheine sind in allen <strong>Big Burger<\/strong> Diners &amp; Kuriers einl\u00f6sbar.\n    <\/p>\n<\/section>\n<p>  <!-- PRODUCTS --><\/p>\n<section class=\"bb-gift-grid\">\n<p>    <!-- 20 CHF --><\/p>\n<article class=\"bb-card\">\n<div class=\"bb-card-media\">\n        <img decoding=\"async\" src=\"https:\/\/bigburger.ch\/wp-content\/uploads\/2025\/08\/20chf-Bigburger-gutschein2022-eb464e8a.jpeg\" alt=\"Gutschein CHF 20.\u2013\"><br \/>\n        <span class=\"bb-badge\">CHF 20.\u2013<\/span>\n      <\/div>\n<div class=\"bb-card-body\">\n<h3 class=\"bb-card-title\">Gutschein CHF 20.\u2013<\/h3>\n<p class=\"bb-card-desc\">\n          Einl\u00f6sbar in allen Big Burger Diner und Kurieren. Es werden keine Restbetr\u00e4ge ausbezahlt.\n        <\/p>\n<p>        <!-- WooCommerce Add to Cart (kontrollo n\u00ebse id=\"13\" = produkti CHF 20.\u2013) --><\/p>\n<div class=\"bb-wc\">\n          <p class=\"product woocommerce add_to_cart_inline \" style=\"border:0\"><a href=\"\/gutscheine\/wp-json\/wp\/v2\/pages\/15?add-to-cart=13\" aria-describedby=\"woocommerce_loop_add_to_cart_link_describedby_13\" data-quantity=\"1\" class=\"button product_type_simple add_to_cart_button ajax_add_to_cart\" data-product_id=\"13\" data-product_sku=\"\" aria-label=\"In den Warenkorb legen: \u201eGutschein CHF 20.-\u201c\" rel=\"nofollow\" data-success_message=\"\u201eGutschein CHF 20.-\u201c wurde deinem Warenkorb hinzugef\u00fcgt\">In den Warenkorb<\/a>\t<span id=\"woocommerce_loop_add_to_cart_link_describedby_13\" class=\"screen-reader-text\">\n\t\t\t<\/span>\n<\/p>\n        <\/div>\n<\/p><\/div>\n<\/article>\n<p>    <!-- 50 CHF --><\/p>\n<article class=\"bb-card\">\n<div class=\"bb-card-media\">\n        <img decoding=\"async\" src=\"https:\/\/bigburger.ch\/wp-content\/uploads\/2025\/08\/50chf-Bigburger-gutschein2022-2791dfad.jpeg\" alt=\"Gutschein CHF 50.\u2013\"><br \/>\n        <span class=\"bb-badge\">CHF 50.\u2013<\/span>\n      <\/div>\n<div class=\"bb-card-body\">\n<h3 class=\"bb-card-title\">Gutschein CHF 50.\u2013<\/h3>\n<p class=\"bb-card-desc\">\n          Einl\u00f6sbar in allen Big Burger Diner und Kurieren. Es werden keine Restbetr\u00e4ge ausbezahlt.\n        <\/p>\n<p>        <!-- WooCommerce Add to Cart (kontrollo n\u00ebse id=\"11\" = produkti CHF 50.\u2013) --><\/p>\n<div class=\"bb-wc\">\n          <p class=\"product woocommerce add_to_cart_inline \" style=\"border:0\"><a href=\"\/gutscheine\/wp-json\/wp\/v2\/pages\/15?add-to-cart=11\" aria-describedby=\"woocommerce_loop_add_to_cart_link_describedby_11\" data-quantity=\"1\" class=\"button product_type_simple add_to_cart_button ajax_add_to_cart\" data-product_id=\"11\" data-product_sku=\"\" aria-label=\"In den Warenkorb legen: \u201eGutschein CHF 50.-\u201c\" rel=\"nofollow\" data-success_message=\"\u201eGutschein CHF 50.-\u201c wurde deinem Warenkorb hinzugef\u00fcgt\">In den Warenkorb<\/a>\t<span id=\"woocommerce_loop_add_to_cart_link_describedby_11\" class=\"screen-reader-text\">\n\t\t\t<\/span>\n<\/p>\n        <\/div>\n<\/p><\/div>\n<\/article>\n<\/section>\n<p>  <!-- CART --><\/p>\n<section class=\"bb-cart\">\n<h2 class=\"bb-sub\">Warenkorb<\/h2>\n<div class=\"bb-cart-box\">\n      \n    <\/div>\n<\/section>\n<\/section>\n<\/div>\n<p><!--more--><br \/>\n<!-- {\"name\":\"Resources\",\"type\":\"layout\",\"children\":[{\"type\":\"section\",\"props\":{\"header_transparent\":true,\"image_position\":\"center-center\",\"padding_remove_top\":true,\"style\":\"muted\",\"title_breakpoint\":\"xl\",\"title_position\":\"top-left\",\"title_rotation\":\"left\",\"vertical_align\":\"middle\",\"width\":\"default\"},\"children\":[{\"type\":\"row\",\"children\":[{\"type\":\"column\",\"props\":{\"image_position\":\"center-center\",\"position_sticky_breakpoint\":\"m\"},\"children\":[{\"type\":\"html\",\"props\":{\"content\":\"\n\n<section class=\\\"bb-gift-wrap\\\" id=\\\"gutscheine\\\">\\n\\n  <!-- HERO -->\\n  <\/p>\n<header class=\\\"bb-gift-hero\\\">\\n    <\/p>\n<figure class=\\\"bb-hero-media\\\">\\n      <img src=\\\"https:\\\/\\\/bigburger.ch\\\/wp-content\\\/uploads\\\/2025\\\/08\\\/gutschein-header.jpg\\\" alt=\\\"Big Burger Gutscheine\\\">\\n    <\\\/figure>\\n\\n    <\/p>\n<div class=\\\"bb-hero-copy\\\">\\n      <span class=\\\"bb-chip\\\">Freude schenken<\\\/span>\\n      <\/p>\n<h1 class=\\\"bb-title\\\">Gutscheine<\\\/h1>\\n      <\/p>\n<p class=\\\"bb-lead\\\">\\n        Das perfekte Geschenk ist nicht immer einfach. Mit unseren Gutscheinen bist du immer richtig.\\n        Gutscheine k\\u00f6nnen in unseren Restaurants oder bei der Heimlieferung eingel\\u00f6st werden.\\n      <\\\/p>\\n    <\\\/div>\\n  <\\\/header>\\n\\n  <!-- INTRO -->\\n  <\/p>\n<section class=\\\"bb-intro\\\">\\n    <\/p>\n<h2 class=\\\"bb-sub\\\">Das perfekte Geschenk<\\\/h2>\\n    <\/p>\n<p>\\n      W\\u00e4hle den gew\\u00fcnschten Gutscheinbetrag. Nach der Bestellung erh\\u00e4ltst du eine Best\\u00e4tigung. \\n      Die Gutscheine sind in allen <strong>Big Burger<\\\/strong> Diners &amp; Kuriers einl\\u00f6sbar.\\n    <\\\/p>\\n  <\\\/section>\\n\\n  <!-- PRODUCTS -->\\n  <\/p>\n<section class=\\\"bb-gift-grid\\\">\\n\\n    <!-- 20 CHF -->\\n    <\/p>\n<article class=\\\"bb-card\\\">\\n      <\/p>\n<div class=\\\"bb-card-media\\\">\\n        <img src=\\\"https:\\\/\\\/bigburger.ch\\\/wp-content\\\/uploads\\\/2025\\\/08\\\/20chf-Bigburger-gutschein2022-eb464e8a.jpeg\\\" alt=\\\"Gutschein CHF 20.\\u2013\\\">\\n        <span class=\\\"bb-badge\\\">CHF 20.\\u2013<\\\/span>\\n      <\\\/div>\\n\\n      <\/p>\n<div class=\\\"bb-card-body\\\">\\n        <\/p>\n<h3 class=\\\"bb-card-title\\\">Gutschein CHF 20.\\u2013<\\\/h3>\\n        <\/p>\n<p class=\\\"bb-card-desc\\\">\\n          Einl\\u00f6sbar in allen Big Burger Diner und Kurieren. Es werden keine Restbetr\\u00e4ge ausbezahlt.\\n        <\\\/p>\\n\\n        <!-- WooCommerce Add to Cart (kontrollo n\\u00ebse id=\\\"13\\\" = produkti CHF 20.\\u2013) -->\\n        <\/p>\n<div class=\\\"bb-wc\\\">\\n          \\n        <\\\/div>\\n      <\\\/div>\\n    <\\\/article>\\n\\n    <!-- 50 CHF -->\\n    <\/p>\n<article class=\\\"bb-card\\\">\\n      <\/p>\n<div class=\\\"bb-card-media\\\">\\n        <img src=\\\"https:\\\/\\\/bigburger.ch\\\/wp-content\\\/uploads\\\/2025\\\/08\\\/50chf-Bigburger-gutschein2022-2791dfad.jpeg\\\" alt=\\\"Gutschein CHF 50.\\u2013\\\">\\n        <span class=\\\"bb-badge\\\">CHF 50.\\u2013<\\\/span>\\n      <\\\/div>\\n\\n      <\/p>\n<div class=\\\"bb-card-body\\\">\\n        <\/p>\n<h3 class=\\\"bb-card-title\\\">Gutschein CHF 50.\\u2013<\\\/h3>\\n        <\/p>\n<p class=\\\"bb-card-desc\\\">\\n          Einl\\u00f6sbar in allen Big Burger Diner und Kurieren. Es werden keine Restbetr\\u00e4ge ausbezahlt.\\n        <\\\/p>\\n\\n        <!-- WooCommerce Add to Cart (kontrollo n\\u00ebse id=\\\"11\\\" = produkti CHF 50.\\u2013) -->\\n        <\/p>\n<div class=\\\"bb-wc\\\">\\n          \\n        <\\\/div>\\n      <\\\/div>\\n    <\\\/article>\\n\\n  <\\\/section>\\n\\n  <!-- CART -->\\n  <\/p>\n<section class=\\\"bb-cart\\\">\\n    <\/p>\n<h2 class=\\\"bb-sub\\\">Warenkorb<\\\/h2>\\n    <\/p>\n<div class=\\\"bb-cart-box\\\">\\n      \\n    <\\\/div>\\n  <\\\/section>\\n\\n<\\\/section>\\n&#8220;,&#8220;css&#8220;:&#8220;\\\/* ===== Big Burger \\u2013 Gutscheine ===== *\\\/\\n.bb-gift-wrap{\\n  &#8211;bb-red:#d91c23;\\n  &#8211;bb-ink:#171717;\\n  &#8211;bb-text:#2d2d2d;\\n  &#8211;bb-cream:#faf3e4;\\n  &#8211;bb-card:#ffffff;\\n  &#8211;bb-shadow:0 10px 26px rgba(0,0,0,.10);\\n  max-width:1180px; margin:0 auto; padding:42px 16px 80px; color:var(&#8211;bb-text);\\n}\\n\\n\\\/* Hero *\\\/\\n.bb-gift-hero{\\n  display:grid; gap:22px; align-items:center;\\n  grid-template-columns:.95fr 1.05fr;\\n  background:var(&#8211;bb-cream); border-radius:20px; padding:18px; box-shadow:var(&#8211;bb-shadow);\\n}\\n.bb-hero-media{ border-radius:16px; overflow:hidden; box-shadow:var(&#8211;bb-shadow); }\\n.bb-hero-media img{ width:100%; height:auto; display:block; object-fit:cover; }\\n\\n.bb-hero-copy{ padding:6px 12px; }\\n.bb-chip{\\n  display:inline-block; background:#fff; border:1px solid rgba(0,0,0,.08);\\n  padding:6px 10px; border-radius:999px; font-size:12px; font-weight:800;\\n}\\n.bb-title{\\n  font-family:\\&#8220;Chunk Five\\&#8220;,\\&#8220;ChunkFive\\&#8220;,system-ui,Arial,Helvetica,sans-serif;\\n  font-size:46px; line-height:1.05; margin:10px 0 6px; color:var(&#8211;bb-ink);\\n}\\n.bb-lead{ font-size:18px; margin:4px 0 0; }\\n\\n\\\/* Intro *\\\/\\n.bb-intro{ text-align:center; margin:32px auto 18px; max-width:820px; }\\n.bb-sub{\\n  font-family:\\&#8220;Chunk Five\\&#8220;,\\&#8220;ChunkFive\\&#8220;,system-ui,Arial,Helvetica,sans-serif;\\n  font-size:28px; margin:0 0 8px; color:var(&#8211;bb-ink);\\n}\\n\\n\\\/* Grid \\\/ Cards *\\\/\\n.bb-gift-grid{\\n  display:grid; gap:18px; margin-top:14px;\\n  grid-template-columns:repeat(12,1fr);\\n}\\n.bb-card{\\n  grid-column:span 6; display:grid; grid-template-columns:200px 1fr;\\n  border-radius:16px; overflow:hidden; background:var(&#8211;bb-card); box-shadow:var(&#8211;bb-shadow);\\n}\\n.bb-card-media{ position:relative; background:#fff; }\\n.bb-card-media img{ width:100%; height:100%; object-fit:cover; }\\n.bb-badge{\\n  position:absolute; left:12px; top:12px;\\n  background:#fff0f0; border:1px solid rgba(217,28,35,.25);\\n  color:var(&#8211;bb-red); font-weight:900; font-size:13px; padding:7px 10px; border-radius:999px;\\n  box-shadow:0 8px 18px rgba(217,28,35,.15);\\n}\\n.bb-card-body{ padding:16px 16px 18px; }\\n.bb-card-title{ margin:0 0 4px; font-size:22px; font-weight:900; color:#121212; }\\n.bb-card-desc{ margin:8px 0 14px; line-height:1.45; }\\n\\n\\\/* WooCommerce buttons \\u2014 stil Big Burger *\\\/\\n.bb-wc { display:inline-block; }\\n.bb-wc form.cart { margin:0; }\\n.bb-wc .quantity { display:none !important; } \\\/* s\\u2019na duhet qty te kupon\\u00ebt *\\\/\\n\\n.bb-wc form.cart .button,\\n.bb-wc .add_to_cart_button,\\n.bb-cart-box .button{\\n  background:var(&#8211;bb-red)!important; color:#fff!important; border:none!important;\\n  padding:12px 18px!important; border-radius:999px!important; font-weight:800!important;\\n  box-shadow:0 10px 20px rgba(217,28,35,.25)!important;\\n  text-transform:none!important; letter-spacing:.2px;\\n  line-height:1;\\n}\\n.bb-wc form.cart .button:hover,\\n.bb-wc .add_to_cart_button:hover,\\n.bb-cart-box .button:hover{\\n  filter:brightness(1.03);\\n  transform:translateY(-1px);\\n}\\n\\n\\\/* Cart box *\\\/\\n.bb-cart{ margin-top:34px; }\\n.bb-cart-box{\\n  background:#fff; border-radius:16px; padding:14px; box-shadow:var(&#8211;bb-shadow);\\n}\\n\\n\\\/* ===== Responsive ===== *\\\/\\n@media (max-width:1100px){\\n  .bb-gift-hero{ grid-template-columns:1fr; }\\n}\\n@media (max-width:900px){\\n  .bb-card{ grid-column:span 12; grid-template-columns:160px 1fr; }\\n}\\n@media (max-width:640px){\\n  .bb-title{ font-size:36px; }\\n  .bb-card{ grid-template-columns:1fr; }\\n  .bb-card-media img{ aspect-ratio:16\\\/9; }\\n}\\n\\\/* Stilo edhe anchor-at e rinj si butona WC *\\\/\\n.bb-wc .bb-btn.bb-btn&#8211;red.add_to_cart_button {\\n  display:inline-block;\\n}\\n\\n\\n&#8220;}}]}]}]}],&#8220;version&#8220;:&#8220;4.5.11&#8243;,&#8220;yooessentialsVersion&#8220;:&#8220;2.2.9&#8243;} &#8211;><\/p>\n","protected":false},"excerpt":{"rendered":"<p>Freude schenken Gutscheine Das perfekte Geschenk ist nicht immer einfach. Mit unseren Gutscheinen bist du immer richtig. Gutscheine k\u00f6nnen in unseren Restaurants oder bei der Heimlieferung eingel\u00f6st werden. Das perfekte Geschenk W\u00e4hle den gew\u00fcnschten Gutscheinbetrag. Nach der Bestellung erh\u00e4ltst du eine Best\u00e4tigung. Die Gutscheine sind in allen Big Burger Diners &amp; Kuriers einl\u00f6sbar. CHF 20.\u2013 [&hellip;]<\/p>\n","protected":false},"author":1,"featured_media":0,"parent":0,"menu_order":0,"comment_status":"closed","ping_status":"closed","template":"","meta":{"footnotes":""},"class_list":["post-15","page","type-page","status-publish","hentry"],"yoast_head":"<!-- This site is optimized with the Yoast SEO plugin v26.4 - https:\/\/yoast.com\/wordpress\/plugins\/seo\/ -->\n<title>Gutscheine - Big Burger Gutscheine<\/title>\n<meta name=\"robots\" content=\"index, follow, max-snippet:-1, max-image-preview:large, max-video-preview:-1\" \/>\n<link rel=\"canonical\" href=\"https:\/\/bigburger.ch\/gutscheine\/\" \/>\n<meta property=\"og:locale\" content=\"de_DE\" \/>\n<meta property=\"og:type\" content=\"article\" \/>\n<meta property=\"og:title\" content=\"Gutscheine - Big Burger Gutscheine\" \/>\n<meta property=\"og:description\" content=\"Freude schenken Gutscheine Das perfekte Geschenk ist nicht immer einfach. Mit unseren Gutscheinen bist du immer richtig. Gutscheine k\u00f6nnen in unseren Restaurants oder bei der Heimlieferung eingel\u00f6st werden. Das perfekte Geschenk W\u00e4hle den gew\u00fcnschten Gutscheinbetrag. Nach der Bestellung erh\u00e4ltst du eine Best\u00e4tigung. Die Gutscheine sind in allen Big Burger Diners &amp; Kuriers einl\u00f6sbar. CHF 20.\u2013 [&hellip;]\" \/>\n<meta property=\"og:url\" content=\"https:\/\/bigburger.ch\/gutscheine\/\" \/>\n<meta property=\"og:site_name\" content=\"Big Burger Gutscheine\" \/>\n<meta property=\"article:publisher\" content=\"https:\/\/de-de.facebook.com\/Big-Burger-Kurier-148671215199182\/\" \/>\n<meta property=\"article:modified_time\" content=\"2025-08-27T19:48:53+00:00\" \/>\n<meta property=\"og:image\" content=\"https:\/\/bigburger.ch\/wp-content\/uploads\/2025\/08\/gutschein-header.jpg\" \/>\n<meta name=\"twitter:card\" content=\"summary_large_image\" \/>\n<meta name=\"twitter:label1\" content=\"Gesch\u00e4tzte Lesezeit\" \/>\n\t<meta name=\"twitter:data1\" content=\"4\u00a0Minuten\" \/>\n<script type=\"application\/ld+json\" class=\"yoast-schema-graph\">{\"@context\":\"https:\/\/schema.org\",\"@graph\":[{\"@type\":\"WebPage\",\"@id\":\"https:\/\/bigburger.ch\/gutscheine\/\",\"url\":\"https:\/\/bigburger.ch\/gutscheine\/\",\"name\":\"Gutscheine - Big Burger Gutscheine\",\"isPartOf\":{\"@id\":\"https:\/\/bigburger.ch\/gutscheine\/#website\"},\"primaryImageOfPage\":{\"@id\":\"https:\/\/bigburger.ch\/gutscheine\/#primaryimage\"},\"image\":{\"@id\":\"https:\/\/bigburger.ch\/gutscheine\/#primaryimage\"},\"thumbnailUrl\":\"https:\/\/bigburger.ch\/wp-content\/uploads\/2025\/08\/gutschein-header.jpg\",\"datePublished\":\"2020-11-14T07:04:06+00:00\",\"dateModified\":\"2025-08-27T19:48:53+00:00\",\"breadcrumb\":{\"@id\":\"https:\/\/bigburger.ch\/gutscheine\/#breadcrumb\"},\"inLanguage\":\"de\",\"potentialAction\":[{\"@type\":\"ReadAction\",\"target\":[\"https:\/\/bigburger.ch\/gutscheine\/\"]}]},{\"@type\":\"ImageObject\",\"inLanguage\":\"de\",\"@id\":\"https:\/\/bigburger.ch\/gutscheine\/#primaryimage\",\"url\":\"https:\/\/bigburger.ch\/wp-content\/uploads\/2025\/08\/gutschein-header.jpg\",\"contentUrl\":\"https:\/\/bigburger.ch\/wp-content\/uploads\/2025\/08\/gutschein-header.jpg\"},{\"@type\":\"BreadcrumbList\",\"@id\":\"https:\/\/bigburger.ch\/gutscheine\/#breadcrumb\",\"itemListElement\":[{\"@type\":\"ListItem\",\"position\":1,\"name\":\"Startseite\",\"item\":\"https:\/\/bigburger.ch\/gutscheine\/\"},{\"@type\":\"ListItem\",\"position\":2,\"name\":\"Gutscheine\"}]},{\"@type\":\"WebSite\",\"@id\":\"https:\/\/bigburger.ch\/gutscheine\/#website\",\"url\":\"https:\/\/bigburger.ch\/gutscheine\/\",\"name\":\"Big Burger Gutscheine\",\"description\":\"Big Burger Gutscheine\",\"potentialAction\":[{\"@type\":\"SearchAction\",\"target\":{\"@type\":\"EntryPoint\",\"urlTemplate\":\"https:\/\/bigburger.ch\/gutscheine\/?s={search_term_string}\"},\"query-input\":{\"@type\":\"PropertyValueSpecification\",\"valueRequired\":true,\"valueName\":\"search_term_string\"}}],\"inLanguage\":\"de\"}]}<\/script>\n<!-- \/ Yoast SEO plugin. -->","yoast_head_json":{"title":"Gutscheine - Big Burger Gutscheine","robots":{"index":"index","follow":"follow","max-snippet":"max-snippet:-1","max-image-preview":"max-image-preview:large","max-video-preview":"max-video-preview:-1"},"canonical":"https:\/\/bigburger.ch\/gutscheine\/","og_locale":"de_DE","og_type":"article","og_title":"Gutscheine - Big Burger Gutscheine","og_description":"Freude schenken Gutscheine Das perfekte Geschenk ist nicht immer einfach. Mit unseren Gutscheinen bist du immer richtig. Gutscheine k\u00f6nnen in unseren Restaurants oder bei der Heimlieferung eingel\u00f6st werden. Das perfekte Geschenk W\u00e4hle den gew\u00fcnschten Gutscheinbetrag. Nach der Bestellung erh\u00e4ltst du eine Best\u00e4tigung. Die Gutscheine sind in allen Big Burger Diners &amp; Kuriers einl\u00f6sbar. CHF 20.\u2013 [&hellip;]","og_url":"https:\/\/bigburger.ch\/gutscheine\/","og_site_name":"Big Burger Gutscheine","article_publisher":"https:\/\/de-de.facebook.com\/Big-Burger-Kurier-148671215199182\/","article_modified_time":"2025-08-27T19:48:53+00:00","og_image":[{"url":"https:\/\/bigburger.ch\/wp-content\/uploads\/2025\/08\/gutschein-header.jpg","type":"","width":"","height":""}],"twitter_card":"summary_large_image","twitter_misc":{"Gesch\u00e4tzte Lesezeit":"4\u00a0Minuten"},"schema":{"@context":"https:\/\/schema.org","@graph":[{"@type":"WebPage","@id":"https:\/\/bigburger.ch\/gutscheine\/","url":"https:\/\/bigburger.ch\/gutscheine\/","name":"Gutscheine - Big Burger Gutscheine","isPartOf":{"@id":"https:\/\/bigburger.ch\/gutscheine\/#website"},"primaryImageOfPage":{"@id":"https:\/\/bigburger.ch\/gutscheine\/#primaryimage"},"image":{"@id":"https:\/\/bigburger.ch\/gutscheine\/#primaryimage"},"thumbnailUrl":"https:\/\/bigburger.ch\/wp-content\/uploads\/2025\/08\/gutschein-header.jpg","datePublished":"2020-11-14T07:04:06+00:00","dateModified":"2025-08-27T19:48:53+00:00","breadcrumb":{"@id":"https:\/\/bigburger.ch\/gutscheine\/#breadcrumb"},"inLanguage":"de","potentialAction":[{"@type":"ReadAction","target":["https:\/\/bigburger.ch\/gutscheine\/"]}]},{"@type":"ImageObject","inLanguage":"de","@id":"https:\/\/bigburger.ch\/gutscheine\/#primaryimage","url":"https:\/\/bigburger.ch\/wp-content\/uploads\/2025\/08\/gutschein-header.jpg","contentUrl":"https:\/\/bigburger.ch\/wp-content\/uploads\/2025\/08\/gutschein-header.jpg"},{"@type":"BreadcrumbList","@id":"https:\/\/bigburger.ch\/gutscheine\/#breadcrumb","itemListElement":[{"@type":"ListItem","position":1,"name":"Startseite","item":"https:\/\/bigburger.ch\/gutscheine\/"},{"@type":"ListItem","position":2,"name":"Gutscheine"}]},{"@type":"WebSite","@id":"https:\/\/bigburger.ch\/gutscheine\/#website","url":"https:\/\/bigburger.ch\/gutscheine\/","name":"Big Burger Gutscheine","description":"Big Burger Gutscheine","potentialAction":[{"@type":"SearchAction","target":{"@type":"EntryPoint","urlTemplate":"https:\/\/bigburger.ch\/gutscheine\/?s={search_term_string}"},"query-input":{"@type":"PropertyValueSpecification","valueRequired":true,"valueName":"search_term_string"}}],"inLanguage":"de"}]}},"_links":{"self":[{"href":"https:\/\/bigburger.ch\/gutscheine\/wp-json\/wp\/v2\/pages\/15","targetHints":{"allow":["GET"]}}],"collection":[{"href":"https:\/\/bigburger.ch\/gutscheine\/wp-json\/wp\/v2\/pages"}],"about":[{"href":"https:\/\/bigburger.ch\/gutscheine\/wp-json\/wp\/v2\/types\/page"}],"author":[{"embeddable":true,"href":"https:\/\/bigburger.ch\/gutscheine\/wp-json\/wp\/v2\/users\/1"}],"replies":[{"embeddable":true,"href":"https:\/\/bigburger.ch\/gutscheine\/wp-json\/wp\/v2\/comments?post=15"}],"version-history":[{"count":5,"href":"https:\/\/bigburger.ch\/gutscheine\/wp-json\/wp\/v2\/pages\/15\/revisions"}],"predecessor-version":[{"id":1357,"href":"https:\/\/bigburger.ch\/gutscheine\/wp-json\/wp\/v2\/pages\/15\/revisions\/1357"}],"wp:attachment":[{"href":"https:\/\/bigburger.ch\/gutscheine\/wp-json\/wp\/v2\/media?parent=15"}],"curies":[{"name":"wp","href":"https:\/\/api.w.org\/{rel}","templated":true}]}}